{"id":241,"date":"2020-03-11T23:33:20","date_gmt":"2020-03-11T22:33:20","guid":{"rendered":"http:\/\/lacabaneauxfamilles.fr\/?page_id=241"},"modified":"2020-03-11T23:33:21","modified_gmt":"2020-03-11T22:33:21","slug":"tentes-par-laventure","status":"publish","type":"page","link":"https:\/\/lacabaneauxfamilles.fr\/index.php\/tentes-par-laventure\/","title":{"rendered":"Tent\u00e9s par l&rsquo;aventure ?"},"content":{"rendered":"\n<h3>V\u00e9rifiez rapidement nos disponibilit\u00e9s et obtenez une simulation adapt\u00e9e \u00e0 votre situation.<\/h3>\n\n\n<style type=\"text\/css\">\r\n       .errordiv { padding:10px; margin:10px; border: 1px solid #555555;color: #000000;background-color: #f8f8f8; width:500px; }#advanced_iframe {visibility:visible;opacity:1;vertical-align:top;}.ai-info-bottom-iframe { position: fixed; z-index: 10000; bottom:0; left: 0; margin: 0px; text-align: center; width: 100%; background-color: #ff9999; padding-left: 5px;padding-bottom: 5px; border-top: 1px solid #aaa }#ai-layer-div-advanced_iframe p {height:100%;margin:0;padding:0}<\/style><script type=\"text\/javascript\">  var ai_iframe_width_advanced_iframe = 0;  var ai_iframe_height_advanced_iframe = 0;var aiIsIe8=false;var aiOnloadScrollTop=\"true\";\r\nif (typeof aiReadyCallbacks === 'undefined') {\r\n    var aiReadyCallbacks = [];  \r\n} else if (!(aiReadyCallbacks instanceof Array)) {\r\n    var aiReadyCallbacks = [];\r\n}    function aiShowIframeId(id_iframe) { jQuery(\"#\"+id_iframe).css(\"visibility\", \"visible\");    }    function aiResizeIframeHeight(height) { aiResizeIframeHeight(height,advanced_iframe); }    function aiResizeIframeHeightId(height,width,id) {aiResizeIframeHeightById(id,height);}<\/script><iframe loading=\"lazy\" id=\"advanced_iframe\"  name=\"advanced_iframe\"  src=\"https:\/\/cabane-aux-familles.gertrude-logiciel.org\/preinscription\"  width=\"100%\"  height=\"2100\"  frameborder=\"0\"  allowtransparency=\"true\"  style=\";width:100%;height:2100px;\" ><\/iframe><script type=\"text\/javascript\">var ifrm_advanced_iframe = document.getElementById(\"advanced_iframe\");var hiddenTabsDoneadvanced_iframe = false;\r\nfunction resizeCallbackadvanced_iframe() {}function aiChangeUrl(loc) {}<\/script><script type=\"text\/javascript\"><\/script><\/div>","protected":false},"excerpt":{"rendered":"<p>V\u00e9rifiez rapidement nos disponibilit\u00e9s et obtenez une simulation adapt\u00e9e \u00e0 votre situation.<\/p>\n","protected":false},"author":1,"featured_media":0,"parent":0,"menu_order":0,"comment_status":"closed","ping_status":"closed","template":"page_fullwidth.php","meta":[],"_links":{"self":[{"href":"https:\/\/lacabaneauxfamilles.fr\/index.php\/wp-json\/wp\/v2\/pages\/241"}],"collection":[{"href":"https:\/\/lacabaneauxfamilles.fr\/index.php\/wp-json\/wp\/v2\/pages"}],"about":[{"href":"https:\/\/lacabaneauxfamilles.fr\/index.php\/wp-json\/wp\/v2\/types\/page"}],"author":[{"embeddable":true,"href":"https:\/\/lacabaneauxfamilles.fr\/index.php\/wp-json\/wp\/v2\/users\/1"}],"replies":[{"embeddable":true,"href":"https:\/\/lacabaneauxfamilles.fr\/index.php\/wp-json\/wp\/v2\/comments?post=241"}],"version-history":[{"count":4,"href":"https:\/\/lacabaneauxfamilles.fr\/index.php\/wp-json\/wp\/v2\/pages\/241\/revisions"}],"predecessor-version":[{"id":245,"href":"https:\/\/lacabaneauxfamilles.fr\/index.php\/wp-json\/wp\/v2\/pages\/241\/revisions\/245"}],"wp:attachment":[{"href":"https:\/\/lacabaneauxfamilles.fr\/index.php\/wp-json\/wp\/v2\/media?parent=241"}],"curies":[{"name":"wp","href":"https:\/\/api.w.org\/{rel}","templated":true}]}}